rime factors of 48156987?
3, 67, 239587
List the prime factors of 297888688.
2, 17, 19, 57641
List the prime factors of 201991486.
2, 100995743
List the prime factors of 362008621.
13, 27846817
What are the prime factors of 19053379?
17, 1120787
List the prime factors of 1249576455.
3, 5, 83305097
What are the prime factors of 552859525?
5, 22114381
What are the prime factors of 152136041?
152136041
What are the prime factors of 1848221637?
3, 19, 32424941
List the prime factors of 2045039884.
2, 61, 8381311
List the prime factors of 164740165.
5, 19, 53, 32719
List the prime factors of 281640021.
3, 13, 19, 173
What are the prime factors of 366013022?
2, 223, 820657
What are the prime factors of 203856?
2, 3, 31, 137
List the prime factors of 319206788.
2, 23, 3469639
What are the prime factors of 78957899?
31, 2547029
What are the prime factors of 513532093?
41, 12525173
List the prime factors of 257443011.
3, 7, 67, 8713
List the prime factors of 18328822.
2, 17, 59, 9137
What are the prime factors of 8883734?
2, 4441867
What are the prime factors of 564831389?
564831389
List the prime factors of 99210159.
3, 43, 269, 953
What are the prime factors of 9349178515?
5, 83, 4253, 5297
What are the prime factors of 7353821640?
2, 3, 5, 11, 5571077
List the prime factors of 461734569.
3, 17, 53, 56941
List the prime factors of 295824573.
3, 11, 593, 5039
What are the prime factors of 157739454?
2, 3, 179, 16319
What are the prime factors of 792637847?
27407, 28921
What are the prime factors of 7601213?
7601213
What are the prime factors of 235401068?
2, 7, 71, 118411
List the prime factors of 1003207632.
2, 3, 7, 661, 4517
List the prime factors of 1644810897.
3, 419, 1308521
List the prime factors of 171433226.
2, 85716613
List the prime factors of 5749525214.
2, 2874762607
What are the prime factors of 54694539?
3, 1063, 5717
List the prime factors of 34363832.
2, 4295479
List the prime factors of 294704598.
2, 3, 49117433
What are the prime factors of 60065562?
2, 3, 227, 44101
List the prime factors of 366408468.
2, 3, 31, 109441
List the prime factors of 3281506579.
13, 37, 139, 49081
What are the prime factors of 327600913?
79, 97, 42751
What are the prime factors of 165882708?
2, 3, 773, 1987
List the prime factors of 309637987.
309637987
What are the prime factors of 4289626283?
4289626283
What are the prime factors of 198285665?
5, 587, 67559
List the prime factors of 6718195.
5, 11, 122149
What are the prime factors of 2467255?
5, 7, 157, 449
What are the prime factors of 9349943?
9349943
List the prime factors of 6633463.
6633463
List the prime factors of 812317220.
2, 5, 11, 13, 23, 53, 233
What are the prime factors of 3967674074?
2, 7, 13, 317, 68771
List the prime factors of 87416695.
5, 3527, 4957
What are the prime factors of 3719775837?
3, 1239925279
What are the prime factors of 7076185?
5, 1415237
List the prime factors of 395533771.
479, 825749
What are the prime factors of 18913543?
11, 1719413
List the prime factors of 176754506.
2, 88377253
What are the prime factors of 41943496?
2, 7, 31, 37, 653
List the prime factors of 405748213.
13, 883, 2719
List the prime factors of 3591805228.
2, 11, 101, 808237
List the prime factors of 182038492.
2, 103, 441841
What are the prime factors of 2702637495?
3, 5, 1291, 1723
What are the prime factors of 3557711?
151, 23561
What are the prime factors of 64954908?
2, 3, 1804303
What are the prime factors of 398582837?
11471, 34747
What are the prime factors of 240150809?
240150809
List the prime factors of 7382958716.
2, 7, 47, 5610151
What are the prime factors of 92382969?
3, 7, 37, 118897
What are the prime factors of 6541751325?
3, 5, 61, 337, 4243
List the prime factors of 649803996.
2, 3, 18050111
What are the prime factors of 2904093077?
53, 263, 3931
What are the prime factors of 291047534?
2, 79, 1842073
What are the prime factors of 593731803?
3, 7, 409, 69127
List the prime factors of 277899404.
2, 69474851
What are the prime factors of 4065587591?
13, 7949, 39343
List the prime factors of 989407344.
2, 3, 17, 59, 20551
What are the prime factors of 1190546651?
7, 67, 2538479
What are the prime factors of 130101408?
2, 3, 17, 26573
List the prime factors of 910967238.
2, 3, 50609291
List the prime factors of 1063800663.
3, 354600221
What are the prime factors of 277576402?
2, 83, 1123, 1489
List the prime factors of 1434081639.
3, 19, 29, 867563
What are the prime factors of 463084100?
2, 5, 919, 5039
List the prime factors of 37581455.
5, 31, 37, 6553
What are the prime factors of 21736451?
11, 229, 8629
List the prime factors of 182901896.
2, 22862737
What are the prime factors of 661635100?
2, 5, 7, 19, 49747
List the prime factors of 495518663.
31, 15984473
What are the prime factors of 1330926305?
5, 7883, 33767
List the prime factors of 3556051482.
2, 3, 23, 73, 107, 3299
What are the prime factors of 1977451?
7, 282493
What are the prime factors of 25591837?
43, 595159
List the prime factors of 51031546.
2, 2441, 10453
List the prime factors of 359413897.
79, 229, 19867
What are the prime factors of 27259965?
3, 5, 19, 31883
List the prime factors of 2411455484.
2, 193, 331, 9437
What are the prime factors of 2561656104?
2, 3, 7, 80677
List the prime factors of 452875274.
2, 17, 151, 88211
What are the prime factors of 1305884699?
7, 17, 10973821
What are the prime factors of 128066991?
3, 13, 3283769
List the prime factors of 3706745738.
2, 23497, 78877
List the prime factors of 1999189241.
7, 285598463
List the prime factors of 56779387.
7, 23, 83, 607
What are the prime factors of 25847582?
2, 17, 197, 227
List the prime factors of 167171229.
3, 43, 109, 1321
List the prime factors of 84788921.
7, 12112703
What are the prime factors of 629943745?
5, 125988749
List the prime factors of 4781944371.
3, 1593981457
List the prime factors of 8682810.
2, 3, 5, 19, 15233
What are the prime factors of 789434436?
2, 3, 7, 103, 91243
List the prime factors of 1443647102.
2, 721823551
What are the prime factors of 4988975276?
2, 1247243819
List the prime factors of 1525142678.
2, 762571339
List the prime factors of 46232187.
3, 19, 42689
What are the prime factors of 18499724?
2, 4624931
List the prime factors of 705549243.
3, 7, 31, 1083793
List the prime factors of 39060618.
2, 3, 19, 41, 61, 137
List the prime factors of 168096650.
2, 5, 23, 313, 467
What are the prime factors of 32746066?
2, 23, 107, 6653
What are the prime factors of 265081173?
3, 7, 61, 206933
List the prime factors of 6118756.
2, 7, 218527
What are the prime factors of 53829189?
3, 5981021
List the prime factors of 147975995.
5, 193, 153343
List the prime factors of 106590412.
2, 2341, 11383
What are the prime factors of 19019846?
2, 43, 109, 2029
What are the prime factors of 41643161?
7, 2239, 2657
What are the prime factors of 1676996943?
3, 17, 19, 59, 29333
List the prime factors of 85648269.
3, 7, 4078489
List the prime factors of 268565390.
2, 5, 26856539
List the prime factors of 159005655.
3, 5, 1277, 2767
List the prime factors of 1698292017.
3, 149, 151, 8387
What are the prime factors of 31000252?
2, 59, 131357
List the prime factors of 3108229972.
2, 1723, 450991
List the prime factors of 3405016915.
5, 681003383
What are the prime factors of 21305619?
3, 789097
List the prime factors of 4378017212.
2, 491, 2229133
List the prime factors of 2770468832.
2, 29, 37, 80687
List the prime factors of 25041952.
2, 13, 17, 3541
List the prime factors of 44481780.
2, 3, 5, 7, 43, 821
What are the prime factors of 135732580?
2, 5, 19, 547, 653
List the prime factors of 469530681.
3, 31, 5048717
What are the prime factors of 148434977?
47, 373, 8467
What are the prime factors of 236988826?
2, 23, 9739
List the prime factors of 27038591.
27038591
List the prime factors of 174445106.
2, 11, 47, 113, 1493
List the prime factors of 1463830597.
1463830597
List the prime factors of 746304.
2, 3, 13, 23
What are the prime factors of 35624118?
2, 3, 37, 4337
What are the prime factors of 112158258?
2, 3, 23, 433, 1877
What are the prime factors of 90412021?
7, 12916003
What are the prime factors of 2446265543?
191, 193, 66361
What are the prime factors of 12376146?
2, 3, 491, 4201
List the prime factors o